98) + (3 - 1354550/(-55)) prime?
True
Let n(v) = -3*v**3 + 6*v**2 + 9*v - 7. Let i be n(3). Suppose 0*o = 2*o - 8. Is (i/(-2) - o)*(-3346)/1 a composite number?
True
Suppose -6*u = -67791 - 32427. Is u a prime number?
True
Suppose -15*t - 37 + 142 = 0. Suppose 0*v + 3369 = 3*v. Suppose -t*a + 8*a = v. Is a prime?
True
Suppose 4*u + 8364276 = 40*u. Is u composite?
True
Let v = 8837 - 1920. Suppose -2*b = 5*m - v + 694, -12 = -3*b. Let j = m - 300. Is j prime?
False
Let d(b) = b**3 + b**2 - 16*b + 81. Let o = -721 + 732. Is d(o) composite?
True
Suppose -6*d = 13*d - 1253057 - 2602689. Is d prime?
False
Suppose -33*b + 4*b = -1434799 + 85342. Is b a prime number?
False
Suppose -x - 4 - 3 = -j, -3*j + x + 15 = 0. Suppose -y - 43 = -l + 14, 12 = j*l. Let i = y - -76. Is i a composite number?
True
Let l = 134 + -128. Suppose 3*m = l + 3. Is (-6546)/(-4) + m/(-12)*-2 composite?
False
Let s(q) = q + 9. Let l be s(-5). Let o(a) = 312*a - 31. Is o(l) prime?
True
Let f(c) = 1044*c**2 + 6*c + 8. Suppose -8 + 4 = 2*h. Let g be f(h). Suppose g = -66*z + 70*z. Is z a prime number?
False
Suppose m - 3 = 0, 3*m - 140 = d + 2*m. Is d/((0 - -1) + 105/(-70)) a prime number?
False
Is ((-156)/(-390))/((-2)/(-267335)) a prime number?
False
Let j(x) = -11*x + 21. Let g be j(-4). Suppose g*o - 61*o = 3260. Is o prime?
False
Suppose -7*c - 5*n = -6*c - 1035479, -5*n = -5*c + 5177215. Is c composite?
False
Let w(k) = -16850*k + 4869. Is w(-6) composite?
True
Let h(t) = t**3 - 20*t**2 + 69*t - 411. Is h(34) a prime number?
True
Let s(g) = -204*g + 2. Let l be s(4). Let i = l - -1853. Suppose -3*o + q = o - i, -1027 = -4*o - 3*q. Is o a prime number?
False
Is ((-237)/(-158))/((-1)/(-3338)) a prime number?
False
Let d(j) be the first derivative of 5*j**3/3 + j**2 + 2491*j + 237. Is d(0) composite?
True
Suppose -r + 15 = 2*r. Let o be 0 + (-3)/r*-5. Suppose 0 = o*p - 4*x - 1247, 2*x + 1661 = 4*p - 3*x. Is p prime?
True
Suppose 55*v + 162774 = 66*v - 137845. Is v composite?
False
Suppose 39661 = -4*b + 5*j, 5*b + 5*j + 49567 = 2*j. Let w = b - -17125. Is w a composite number?
False
Let s = 12 - 9. Suppose 3*i = 6, s*u = -0*u - 5*i - 5. Let m(l) = 98*l**2 - 15. Is m(u) a composite number?
True
Let v(c) = 145*c**2 - 40*c + 15. Let g be v(8). Suppose -23*n + 27*n = s - g, 0 = -3*s + 4*n + 26901. Is s prime?
True
Suppose 753 = 15*p - 148752. Is p composite?
False
Let v = 2614 - -9935. Suppose -3*k - 4*p + v = 0, 2*k - 8*p = -7*p + 8377. Is k prime?
False
Suppose s + 1770 = -169. Let r = 4669 - s. Suppose -3*u + 4 = -8, -4*x + 5*u + r = 0. Is x a prime number?
True
Let y be 1063779/122*2/3. Is y*(1 - (-9 - -9)) prime?
True
Suppose 2*y - 82235 = -a, 6*a = y + 7*a - 41118. Is y composite?
False
Suppose -8*d + 4*d = -192. Let y = 50 - d. Suppose 4*j - 230 = y*j. Is j prime?
False
Suppose 556*b - 43560017 + 41257671 - 385687242 = 0. Is b a prime number?
False
Let k be 5 + (-6 - 140*-1). Suppose a + k = 2*i - 1330, 2201 = 3*i - 2*a. Is i composite?
True
Let o be 12 + 0 - (-1 - -4). Let q be 3549/o + 14/21. Suppose 0 = i - q + 18. Is i a composite number?
True
Let i = 23919 - 11693. Is i composite?
True
Suppose q = -195 - 152. Let y be 33/(-2)*(19 - 7). Let r = y - q. Is r composite?
False
Let t = -52237 + 80256. Is t composite?
False
Let o = 246831 - 123074. Is o a composite number?
False
Suppose 41*w - 36*w = -2290. Let g = -326 - w. Let m = 721 + g. Is m a composite number?
False
Is (2/(-7)*21/12)/(57/(-217192002)) a prime number?
False
Suppose 5 = -3*g + 29. Let a be -5 + g + (-18)/2. Is 76/(-57) + (-5948)/a + 1 composite?
False
Let b(u) = u**2 - u. Let l be b(3). Suppose 3*x = -0 + l. Is x/3 - (-305)/15 a composite number?
True
Let k = -2513984 - -3665701. Is k prime?
False
Let x(q) = -1342*q + 163. Is x(-49) composite?
False
Is -31 + 5798/182 - (-2)/(-14)*-5767721 a prime number?
True
Let j(q) = 39*q**2 - 2*q - 107. Let w be j(13). Let z = w - -10883. Is z prime?
True
Suppose 16*d + 2456 = -16744. Let c = 1568 - 2379. Let x = c - d. Is x a prime number?
True
Let o = 1664146 - 575489. Is o prime?
True
Suppose -z = 7*q + 3060, -z = -5*q - 0*q + 3072. Let g = -1904 - z. Is g a composite number?
False
Let l(n) = 1152*n**2 - 47*n + 1924. Is l(25) prime?
False
Let k be 177223/5 + (-44)/(-110). Suppose 39482 = 31*p - k. Is p a prime number?
True
Let b(i) = 39*i**2 + 11*i - 51. Let a(q) = 3*q**2. Let d(r) = -4*a(r) + b(r). Is d(5) composite?
True
Let i be (135/18)/((2 - 3)/2). Is ((-3)/i)/(2 + 40827/(-20415)) a prime number?
True
Suppose 101*r - 2 = 100*r. Suppose -7*n + 53423 = -3*n + c, -5*c - 26695 = -r*n. Is n a prime number?
False
Let x = 13630 + -2789. Is x prime?
False
Let b(o) = -15 + 7*o**2 + 7 - 10*o + o**3 + 7. Let m be b(-8). Suppose -5*g = m - 0, 3*f - 4*g = 1278. Is f composite?
True
Is (31 + -30 - -2)*(-432046)/(-6) a prime number?
True
Suppose 4986185 - 913588 = 36*q - 2434583. Is q prime?
False
Let g = 39720 - 3197. Is g a prime number?
True
Let o(q) = -50*q**2 + 6*q + 7. Let f(g) = g**2 + g - 1. Let p(k) = 4*f(k) - o(k). Is p(-3) prime?
False
Let x = 534179 - 254426. Is x composite?
True
Suppose 9 = -13*f + 74. Suppose -2*k - 474 = -2*v - 2186, 4*v = -f*k + 4235. Is k composite?
True
Let i = 7261 + -3487. Suppose 4*q - 1515 = 2*q + 3*r, -3*r = -5*q + i. Suppose 4*w + q = 3*m, -3*m - 232 = -4*m - 5*w. Is m a composite number?
True
Is 33/(198/18) + 0 + 20756 prime?
True
Suppose 9*g + 154286 = 11*g + 3*t, 4*t = -5*g + 385729. Is g a composite number?
True
Let l = -825893 + 1314704. Is l a composite number?
True
Let f(l) be the first derivative of l**4/4 + 5*l**3/3 - l**2 - 17*l + 1. Suppose 3*a - 5*b - 30 - 11 = 0, -24 = -4*a - b. Is f(a) a prime number?
True
Let q(v) = -10275*v - 107. Let c be q(-4). Suppose -3*j = -3*u - 21318, 4*j + 12590 - c = -3*u. Is j a prime number?
True
Suppose -2*x + 3 + 1 = 0. Let f = 408 - 404. Suppose 2 = -z, 1182 = f*c - x*z + 246. Is c a composite number?
False
Is 12/(-1)*((-212002)/72 + 74/333) a prime number?
False
Let u(n) = n + 1. Let b be u(1). Suppose -10 = -b*x - 5*s, s - 38 = -8*x + 4*x. Is x/(-45) + 1/(9/12701) a prime number?
False
Suppose 3*b = 5*b - 464. Let j be -5*(b/(-4) - -4). Suppose 4*h - 2*r - 3*r - 243 = 0, 0 = -5*h - 5*r + j. Is h a prime number?
False
Let p = -3699 - -3703. Suppose -6 = 5*y - 31. Suppose -y*j + 1574 = p*r, -4*j - 2*r + r = -1257. Is j composite?
True
Let s(d) = d**2 + 11*d + 27. Let b be s(-7). Is (-3498)/(-4)*(b + (-10)/(-6)) prime?
False
Suppose 654555 = 20*c - 787225. Is c composite?
False
Let k = -492 + 1787. Let w(a) = -a**3 - 12*a**2 - 4*a + 1. Let z be w(-13). Let o = z + k. Is o a composite number?
True
Suppose 7*a - 3*a = 0, -2*i - 2*a + 16392 = 0. Suppose -19*o = -31*o + i. Is o prime?
True
Let g = 31 - 24. Suppose -x - 3*q = -15, -3*q + 18 = 5*x - g*q. Let i(o) = 7*o**3 + 2*o**2 - 7*o + 1. Is i(x) a composite number?
False
Let d(w) = -13*w**3 + 6*w**2 - 3*w + 6. Let u be d(4). Let b = u - -1518. Let l = -537 + b. Is l composite?
False
Suppose -16739648 = -57*q - 7*q. Is q a prime number?
True
Let b = 39 - 38. Let x be 1 + -3 - b - 522. Let w = x - -1066. Is w a composite number?
False
Suppose 4*u = 20866 + 5574. Let j = 10029 - u. Is j composite?
True
Let g(x) = -x - 3. Let l be g(-9). Let j(m) = m**3 - 5*m**2 - 5*m - 1. Let y be j(l). Suppose -h + 3*n = -2317, -4*h + 11530 - 2262 = y*n. Is h prime?
False
Suppose -j - 5*w + 9320 + 13494 = 0, 0 = -j + 5*w + 22804. Is j a prime number?
False
Let w = 173652 - 79079. Is w composite?
False
Suppose -4*m + 2*m = -1374 - 2932. Is m a prime number?
True
Suppose x = -770 - 409. Let j = 3026 + x. Is j composite?
False
Is 4 + 188*(-1 + 6824/32) prime?
False
Let s be (-4 + 6)/(4/(-6)). Let b be (s + 10/6)/((-2)/(-6)). Is (-4 - 0/(-2))*257/b a composite number?
False
Let w = 507301 + -199878. Is w prime?
True
Let b = 0 + 7. Let o(k) = 16 + 3 - k**3 + 16*k + 11*k**2 + 1 - b*k. Is o(-9) prime?
True
Let w(u) = 4*u - 34. Let a be w(9). Let b(g) = 16*g**2 + 5*g - 4. Let t be b(a). Is 23198/t + 4/(-10) composite?
False
Let u(p) = 263*p**2 + 106*p + 1137. Is u(-22) a composite number?
False
Suppose p - 5*u - 1748321 = 0, -76*p + 6993352 = -72*p - 3*u. Is p composite?
True
Let b(p) = -1644*p + 1307. Is b(-81) prime?
True
Is (48443/3 - -2)*(-2 - (-2 - 3)) a pr